v + 3. Let a be s(-12). Let c(j) = 3*j**3 - 5*j**2 + 4*j - 1. What is the remainder when c(a) is divided by 10?
7
What is the remainder when 72 is divided by 2*76/(-6)*(-3)/4?
15
Suppose n + 3 = 5. Let o(h) = 5*h + 3. What is the remainder when 51 is divided by o(n)?
12
Let f be (1 + 3 - 5)*-11. Suppose f*m = 6*m + 140. Calculate the remainder when m is divided by 8.
4
Let p(v) = v + 3 - 2 + 0. Let l be p(-3). Let d = 6 + l. What is the remainder when 7 is divided by d?
3
Suppose 3*d - 4 = -v, 5*v - 4*d + 1 = 21. Suppose y = 5*r + 13, -r + 6*r - 4*y + 22 = 0. What is the remainder when v is divided by (-24)/(-10) - r/(-5)?
0
Suppose -3*u = -u - 14. Suppose -k = u - 21. Let s(w) = 19*w + 2. Calculate the remainder when s(2) is divided by k.
12
Suppose -3*a + 21 = -27. Let y = a - 8. Calculate the remainder when 23 is divided by y.
7
Suppose 6*l - 8*l = -6. What is the remainder when 9 is divided by l?
0
Let h(c) = 15*c**2. Calculate the remainder when 59 is divided by h(1).
14
Suppose 4*k = 6*k - 28. Calculate the remainder when 54 is divided by k.
12
Suppose -38*o + 37*o + 106 = 0. Calculate the remainder when o is divided by 4.
2
Let k = -4 + 7. Suppose -k*w + 41 = -10. Calculate the remainder when w is divided by 10.
7
Suppose -6*s + 2*s + 172 = 0. Let y = 5 + 10. Calculate the remainder when s is divided by y.
13
Suppose -5*s + 4 = -21. Suppose -s*h = -0*h - 25. Suppose -3*t + 23 = c + 4, h = -c + 3*t. What is the remainder when 13 is divided by c?
6
Let d(g) = -g + 4. Let s = -117 - -167. What is the remainder when s is divided by d(-9)?
11
Let j(m) = -m**3 - 2*m**2 + 6*m. Calculate the remainder when j(-5) is divided by 12.
9
Suppose -3*n + 85 = 2*n. Suppose 85 = 7*p + 15. What is the remainder when n is divided by p?
7
Suppose -w = 2*w - 69. Calculate the remainder when 67 is divided by w.
21
Suppose 4*n - 214 = -2*o, 88 - 216 = -o + 5*n. Calculate the remainder when o is divided by 29.
26
Let m be (-254)/((32/(-4))/(-4)). Let b = m - -214. What is the remainder when b is divided by 22?
21
Let k = 17 - 14. Suppose -5*y = -n - 0*y - 48, 2*n + 5*y + 21 = 0. Let u = -16 - n. Calculate the remainder when u is divided by k.
1
Let d(m) = -4*m + 38. Calculate the remainder when d(-8) is divided by 18.
16
Let z(b) = 2*b - 2. Let k be z(3). Let h be -2 + (k - 1) + 3. Suppose -h = 2*d - 34. What is the remainder when 43 is divided by d?
13
Suppose -2*d + 798 = y, -3*d + 2005 = 2*d + 5*y. Suppose 5*o + x = d, -o = 4*o + 2*x - 399. What is the remainder when o is divided by 27?
25
What is the remainder when (-3)/(3/(-20)) + -1 is divided by (-902)/(-328) + 10/8?
3
What is the remainder when 2 - (-26 + -1) - (-3 + 5) is divided by 10?
7
Let c = -48 + 83. Suppose -78 = -4*x - 2*t, 5*t - c = -4*x + 2*x. Let i(n) = 63*n - 4. Calculate the remainder when i(1) is divided by x.
19
Let g = -5 - -8. Suppose -g*j + 3*i = 3, 0*i = 4*j + i - 11. What is the remainder when 6 is divided by j?
0
Suppose 4 = -m + z, 0*m = -4*m - z + 9. Calculate the remainder when 37 is divided by 17 + -2 + 3 + m.
18
Suppose -4*s + 26 = -5*l - 13, 4*s - 4*l - 36 = 0. What is the remainder when 13 is divided by s?
1
Let m(x) = -x**3 + 9*x**2 - 9*x + 9. Let h be m(7). Suppose -p + 5*p + h = 0. Let t = p - -16. Calculate the remainder when 9 is divided by t.
4
Let u = 137 - 123. Suppose 131 = 5*x + m, -4*x - 2*m = x - 132. What is the remainder when x is divided by u?
12
Suppose -m - 42 = -68. Calculate the remainder when m is divided by 15.
11
Let b(h) = h**2 - 2*h + 8. Calculate the remainder when 29 is divided by b(0).
5
Suppose 3*v + 2 = 5*s - 15, -v - 2 = 2*s. What is the remainder when 39 is divided by (-3 - (v - -3)) + 22?
19
Let o be 33/18 + 2/12. Suppose -o*w - 22 = -60. What is the remainder when w is divided by 11?
8
Let r(k) = k - 4. Let l be r(6). Let f be (-1 + l - -1) + -38. Let t = f - -58. What is the remainder when 43 is divided by t?
21
Calculate the remainder when 8 is divided by 4/(-6) + 88/24.
2
Suppose 0*g = -4*g + 8. Let s = -29 + 49. Suppose 0 = g*r - 40 - s. What is the remainder when r is divided by 8?
6
Suppose 5*g - 4 - 46 = 0. Calculate the remainder when g is divided by 3.
1
Suppose 23*y = 18*y + 110. What is the remainder when y is divided by 6?
4
Let a(t) = -t**3 + 3*t**2 - t - 2. Let j be (3/(-6))/(2/(-8)). Let i be a(j). Suppose -5*r + 48 + 7 = i. Calculate the remainder when 31 is divided by r.
9
Let g(x) = x**2 - x + 5. Let p(h) = 5*h + 1. Suppose 1 - 7 = -2*t. Calculate the remainder when g(-6) is divided by p(t).
15
Suppose 0 = -3*l - v + 135, -4*l + 35 = 5*v - 134. What is the remainder when l is divided by (-2)/(-3) - 46/(-3)?
14
Let q(g) = -g - 3. What is the remainder when 14 is divided by q(-8)?
4
Let r = -13 - -16. Suppose p = -r*p + 312. Calculate the remainder when p is divided by 20.
18
Let f(q) = -q**2 - q - 1. Let w(u) = u**3 + 0*u - 2*u**2 - 2*u + 9*u**2 - 1. Let m(g) = 4*f(g) + w(g). Calculate the remainder when 6 is divided by m(-4).
0
Calculate the remainder when (-9)/27*(-2 + -119 + -2) is divided by 24.
17
Suppose 2*i + 4 = 4*i. What is the remainder when i/14 + (-1076)/(-14) is divided by 20?
17
Calculate the remainder when 8/10 - (-4374)/45 is divided by 28.
14
Let y(l) = l + 66. Calculate the remainder when y(-13) is divided by 18.
17
Suppose -x + 8 = -3*o - 12, -3*o + 35 = 4*x. Let d(f) be the first derivative of f**3/3 - f**2 + 8*f + 3. What is the remainder when d(6) is divided by x?
10
Let x(f) = -f**3 + 4*f**2 - 3*f + 4. Let y be x(3). Suppose 4*n + 9 = 5*v, -n - y*v + 24 = -0*n. What is the remainder when 11 is divided by n?
3
Let b = -18 - -10. Calculate the remainder when 69 is divided by 2/(-8) + (-146)/b.
15
Let c(k) = -k**2 - 20*k - 39. Calculate the remainder when 38 is divided by c(-16).
13
Let x(s) = -7*s - 4. Calculate the remainder when 122 is divided by x(-5).
29
Let o(m) = 2*m + 5. Calculate the remainder when o(8) is divided by 11.
10
Calculate the remainder when 22 is divided by 1*1*-1 + (-6 - -12).
2
Let o(v) = v**3 - v**2 - 5. Let b be o(0). Suppose 0 = w + 2*u - 3, 4*u + 33 = 3*w - 26. What is the remainder when (-2 - b)*(-37)/(-3) is divided by w?
11
Let i = 28 + -12. Suppose -4*f = r + 3, -16 = -r + 4*f - 3. Suppose -43 = -r*s - 13. What is the remainder when i is divided by s?
4
Let w be 2 - (0 + -13 + -2). Suppose -3*q + 1 + w = 0. Calculate the remainder when 23 is divided by q.
5
Suppose s = 3*i - 52, -4*i = -0*i + s - 74. Let o = 17 - -16. What is the remainder when o is divided by i?
15
Let h(t) = 5*t**2 + t + 1. Calculate the remainder when 8 is divided by h(-1).
3
Let p be -2*((-22)/(-4) + -1). Let m = 13 + p. What is the remainder when m is divided by 3?
1
Let n(l) = 11*l + 1. Let w(z) = 11*z + 1. Let a(m) = -6*n(m) + 5*w(m). Calculate the remainder when 435/25 + 6/10 is divided by a(-1).
8
Suppose 5*o + 118 = -27. Let p = 21 + o. Let i = 13 + p. What is the remainder when i is divided by 2?
1
Let s = 35 - 21. Suppose -2*d + 92 = 2*d - 4*w, 3*w = -3*d + 81. What is the remainder when d is divided by s?
11
Suppose 5*s = -5*v + 40, -3*s = -4*v - 1 - 2. Let p = -7 - -9. Suppose s*g + 75 = -p*h + 7*h, -g - 30 = -2*h. What is the remainder when h is divided by 4?
3
Let v(b) = b + 48. Let m be v(0). Suppose -5*j + 7 + m = 0. Calculate the remainder when 32 is divided by j.
10
Suppose 5*i + 157 = 3*n, 2*n - 3*i = -0*i + 106. Calculate the remainder when n is divided by 30.
29
Let f(z) = -z**2 + z + 1 + 10*z**3 + z - 2 + 0. What is the remainder when 19 is divided by f(1)?
9
Let i = 18 - 8. Suppose t - 33 = -5*s, -2*t - t + 60 = 2*s. Calculate the remainder when t is divided by i.
8
Calculate the remainder when (36/(-14))/(3/(-21)) is divided by 6.
0
Let d(v) = 18*v**3 - 2*v**2 + 4*v - 3. What is the remainder when 82 is divided by d(1)?
14
Suppose -1 = -2*p + 3*g, 0 = -p - g - 2*g + 14. Suppose -42 = p*i + 3. Let l(r) = -2*r + 12. Calculate the remainder when l(i) is divided by 16.
14
Suppose 39 + 12 = 3*i. Let r be 28 + 3/(-6)*2. Calculate the remainder when 90/r*(-48)/(-5) is divided by i.
15
Let m(p) = -p**2 - 7*p + 8. Let h be m(-9). Calculate the remainder when 98 is divided by (h/4)/((-4)/40).
23
Let f = 14 - 8. Let u(k) = -k + 17. Let l = 3 - 3. Calculate the remainder when u(l) is divide